+ 87*a - 50592 = 0. What is the highest common factor of a and 62?
31
Suppose -10*o + 316 - 268 = -492. What is the highest common divisor of 6426 and o?
54
Let n be (-1 - (-25)/4)*(-22 - (-462)/9). Calculate the greatest common factor of n and 350.
14
Let u be 4/(4/135)*1. Suppose -6 = -4*i + 5*g, 45*i = 40*i + 5*g + 15. What is the highest common factor of u and i?
9
Let b(m) = -9*m - 68. Let i be b(-8). Let h be 90/(-25) + i/(-10). Let r be -3*(-96)/54*(-33)/h. What is the highest common factor of 110 and r?
22
Suppose -5*i + 16 = 21. Let q = 56 - 38. Let a = i + q. What is the highest common divisor of 17 and a?
17
Let z(d) = -434*d + 765. Let h be z(-10). Calculate the greatest common divisor of h and 10.
5
Let a = 1079 - -48. Calculate the greatest common factor of a and 49.
49
Let y be ((-4)/42*-9)/((-189)/(-31752)). What is the greatest common factor of y and 2928?
48
Let w = 1728 + -1455. What is the highest common factor of 429 and w?
39
Suppose -3*z + 111 - 113 = 2*o, 2*o = -4*z. What is the greatest common divisor of 346 and z?
2
Let l(q) = -q**3 - q**2 - 10*q + 12. Let c be l(-6). Suppose -h + 3 = 2*h, -5*k = 2*h - c. Calculate the highest common divisor of k and 400.
50
Suppose -h + 23494 = 5*v, -3*v + 2*h + 14098 = 3*h. What is the highest common factor of v and 324?
162
Suppose 0 = 14*g - 51726 - 57194. What is the greatest common factor of g and 40?
20
Let k(n) = 2*n + 20. Let c = 72 + -64. Let f be k(c). Suppose 7*i - 69 - f = 0. Calculate the highest common divisor of 20 and i.
5
Let v be (0 - (-2 + -1))*(-6 - -7). Suppose -417 = -4*i - v*k, 0*k - 2*k = -5*i + 527. What is the highest common divisor of i and 30?
15
Suppose 2*s = -4, -z + 0*z + 5*s + 15 = 0. Suppose 25 = z*l + 5, -1496 = -2*f + 4*l. What is the highest common factor of 42 and f?
42
Suppose 672 = 5*m - 2*y, -5*m - 2*y + 219 = -449. Calculate the highest common factor of 2 and m.
2
Suppose 282*j - 388953 = 355453 - 43918. Calculate the highest common factor of j and 184.
92
Let w = -63 + 171. Suppose -4*x - 110 + 2 = -s, -5*x - w = -s. Calculate the highest common factor of 72 and s.
36
Let d = -102 + 145. Let y be 35/7*(4 - (-3 - 0)). Let j = d - y. What is the greatest common divisor of 20 and j?
4
Let v be -13 + (60/5 - -39). What is the greatest common divisor of v and 1672?
38
Let u be (4/4)/(1/11). Let i be ((-20)/4 + 4)*0. Suppose 3*c + i*c = 99. What is the greatest common factor of c and u?
11
Let f(t) be the second derivative of -t**4/2 + 67*t**3/6 - 9*t**2/2 - 123*t. Let h be f(11). What is the greatest common factor of 74 and h?
2
Suppose -2*i + 4*l = -348, 4*i - l - 595 = 73. What is the greatest common factor of i and 2407?
83
Let j be -12 + (-2596)/(-198) + 129624/27. What is the greatest common factor of 2 and j?
2
Let m(i) = 11*i - 27. Let g be m(18). Let v = 209 - g. Calculate the highest common divisor of v and 304.
38
Let s be 2 - ((-2)/8 + (-3)/4). Suppose 0 = -s*a, o + 15 = 6*o + 2*a. Calculate the greatest common factor of 57 and o.
3
Suppose 5*c - 159 = 416. Suppose c = 4*n + n. Suppose -27*x + 21*x = -414. What is the highest common divisor of n and x?
23
Let f be (-4 + -6 + 9)*-10. Let o = 2 + 0. Let b be (-1)/2 + 101/o. Calculate the greatest common factor of f and b.
10
Suppose 2*c - 4*w + 20 = 0, -3*w = 2*c - 11 - 4. Suppose 0 = 3*t - 5*v - 1548, 4*t + 3*v + 2*v - 2029 = c. Calculate the greatest common factor of t and 73.
73
Suppose -7*k + 1312 = 388. Let w be -5*k/(-42)*28. Calculate the greatest common divisor of w and 40.
40
Let l(u) = -u**3 + 7*u**2 - 10*u + 3. Let x be l(5). Suppose x*y - 125 = -11. What is the highest common factor of 152 and y?
38
Let t = 50070 + -24765. Calculate the greatest common factor of 30 and t.
15
Let j(y) = 12*y - 1. Let l be j(1). Suppose -26 = -o - l. Suppose 12*s - o*s + 84 = 0. Calculate the greatest common divisor of s and 196.
28
Suppose -10465 - 5992 = -16*p + 11879. What is the highest common divisor of 308 and p?
77
Let c(a) = 2*a**3 + 99*a**2 - 164*a - 440. Let b be c(-51). Calculate the highest common factor of b and 2948.
11
Let k = -179 + 182. Suppose 8*h = 9*h + 3*z - 7, -k*h + z = -1. Calculate the highest common factor of h and 8.
1
Let k = 196 - 201. Let l(t) = 2*t + 37. Let i be l(k). What is the greatest common divisor of 675 and i?
27
Suppose 61 = 11*o + 28. Suppose -o*l - 1986 = -3*f, -3*f - l + 801 = -1189. Calculate the greatest common factor of f and 39.
39
Suppose 92620 = 17*k + 9254 - 60199. Calculate the highest common factor of 15 and k.
15
Let b = 16 + -14. Suppose b*y + 5*a = -y + 755, -y + 265 = -a. Suppose 5*r = 18*r - y. Calculate the greatest common divisor of r and 70.
10
Let r(y) = -1729*y - 308. Let n be r(-14). What is the greatest common divisor of 42 and n?
42
Suppose 10*m = 12*m - 1910. Let x be 6/(-21) - m/(-35). Calculate the greatest common factor of 1 and x.
1
Suppose -b + 10 = b, -2*u - 4*b = -186. What is the highest common factor of u and 1494?
83
Suppose 19*o - 11967 = -30*o - 1432. Calculate the greatest common factor of 35 and o.
5
Let g(h) = -h**3 - 11*h**2 + 15*h + 24. Let y be g(-11). Let a be (3 - y) + (3 - 0)/3. What is the highest common divisor of a and 5?
5
Let i be 2*(-315)/(-12)*6. Let f = i + -276. Calculate the greatest common divisor of 169 and f.
13
Let b be -26*(2800/(-260))/14. Suppose 2*s + 11 = -3*f - 2*s, 0 = -2*f + 4*s - 14. Let v be (-2)/f - 36/(-10). What is the greatest common divisor of v and b?
4
Let r = -14168 + 16481. Calculate the greatest common divisor of r and 63.
9
Suppose -68 + 52 = -4*f. Suppose i + 8 - 14 = c, 20 = -3*c + f*i. Let u be (-4)/(c + 174/45). What is the greatest common factor of 75 and u?
15
Let d(n) = n**2 + 2*n. Let o = 44 - 40. Let c be d(o). Let y = -820 - -828. What is the greatest common divisor of y and c?
8
Let w be (-976)/18 - (-6)/27. Let g = w + 62. What is the greatest common divisor of g and 72?
8
Let h = -20705 + 21844. What is the greatest common divisor of h and 561?
17
Let q(g) = -86*g - 8424. Let i be q(-98). Calculate the highest common divisor of 484 and i.
4
Let b be ((-5)/(-5) + (-12 - 1))*120/(-45). Calculate the greatest common divisor of b and 632.
8
Let m be (-2)/(((-4)/8)/1). Let j be (-4)/(-6)*342/m. Let f = 82 - j. Calculate the greatest common divisor of 5 and f.
5
Let l be (6 - 2)/(-5 + (-84)/(-16)). Suppose 2*m - l = 5*c - 2, 2*m = -4*c - 4. What is the greatest common divisor of 4 and m?
2
Suppose -z - n - 93 = -383, -4*z = -5*n - 1178. Calculate the highest common divisor of z and 1314.
146
Let o = 801 - 696. Calculate the greatest common factor of o and 2380.
35
Let q(s) = 54*s**2 - s - 1. Let h be q(-1). Let k = h - -26. Let u = 38 - 28. What is the highest common divisor of k and u?
10
Let f be 27/540 + 9584/320. Suppose -a + 5*g = -2*a + 47, 0 = 2*a - 3*g - 81. Calculate the greatest common factor of a and f.
6
Suppose 2253 = -15*o + 5463. Calculate the highest common divisor of 1819 and o.
107
Suppose -5*r - 3*z + 10352 = 0, -13*z + 3 = -16*z. What is the highest common factor of r and 76?
19
Let p = 0 + 4. Let h be p/(-6) - 130/(-6). Let x be ((-4)/26 - 6028/(-143))*(0 + 2). What is the highest common divisor of x and h?
21
Let d be ((-6)/43)/((-213)/6106). Let k(j) = 2*j + 4. Let q be k(5). What is the greatest common factor of d and q?
2
Let a(f) = -38*f + 692. Let o be a(14). Calculate the highest common factor of o and 96.
32
Let s be 2/5 - (-104)/65. Suppose 2*a = s*b + 8, 6*b - b - a = 0. Let p be (-3 + 2 - -2)*5. Calculate the highest common factor of b and p.
1
Let u = 56 + -54. Suppose -b = u + 1. Let m be b/(-9)*-1 + (-44)/(-6). What is the highest common divisor of m and 1?
1
Let k be 110*(-204)/(-56) + (-4)/(-14). Suppose -k = -3*m - 53. What is the highest common divisor of 4 and m?
4
Let p(y) = -63*y**3 - 3*y**2 - 3*y + 1. Let f be 6/14 + (-3)/(189/90). Let m be p(f). Calculate the highest common factor of m and 32.
32
Let r(q) = -11*q + 156. Let u be 4 - 2 - -6 - (-4)/(-2). Let c be r(u). What is the highest common factor of c and 50?
10
Let z(w) = -12*w**2 + 268*w - 272. Let q be z(21). Calculate the greatest common factor of 148 and q.
4
Suppose y + 0*y = 11. Let o be 4/(-1) + 8 + (-16 - 1). Let q = o - -57. What is the greatest common fact